3).
-15
-4 - ((3 - (-2 + -2)) + (-10 - 15))
14
What is the value of 0 - (2 - -1 - ((-25 - -14) + 13))?
-1
What is the value of -4 + -3 - (-2 + (-4 - 7))?
6
Calculate -1 - (15 + 1 - 14).
-3
Evaluate -31 - -20 - (-16 - (7 + -8)).
4
What is the value of (-41 - -12) + 8 + 11 - 5?
-15
Calculate -24 + 11 + 12 - 23.
-24
Calculate 48 + -60 - (-21 + -1) - -9.
19
Evaluate (2 - (6 - 0)) + -10 - (0 + 8).
-22
Calculate 2 + (-10 - -1) + 4 - (-178 - -174).
1
-6 + (6 - 17) + 13 - -14
10
What is the value of 53 + -53 + -17 + -1 + -1 + -3?
-22
What is (-13 - -21 - 15 - -6) + -17?
-18
What is the value of -3 + (-12 - -33 - 17)?
1
Evaluate (-17 - -1) + 279 + -269.
-6
Evaluate -18 + -20 + (-4 - -9) + -5.
-38
(-213 - -211) + (1 + 0 - (-1 + 1))
-1
Calculate (0 - -14) + (-43 - -16 - -37).
24
What is 8 + (6 - (-5 + 8) - 0) - 7?
4
Calculate (-8 + (-2 - -6) - (-25 - -29)) + -4.
-12
What is 26 + -26 - (-11 - 2)?
13
What is -3 + 23 + -16 + -2?
2
Evaluate -1 + 13 + (9 - 19).
2
What is the value of 7 + -2 - -4 - (-6 - -3)?
12
8 + (-12 - (8 + -11)) + -1
-2
Evaluate (-5 + 13 - (1 + 8)) + 12.
11
What is -1 + -1 - (-531 + 516)?
13
What is the value of -15 + 0 + 42 + -35 - (2 - -3)?
-13
Evaluate (1 - 4 - -13) + -8.
2
What is the value of 10 - (23 + -27 + (-1 - 3) + 10)?
8
(0 - (-2 - 5)) + (-21 - -24)
10
Evaluate 18 + -18 + 20 + 22 + -47.
-5
Calculate -15 + 7 + (2 - 14).
-20
2 - (14 + -9 + 1)
-4
Evaluate -4 - (23 + (12 - 40)).
1
2 + (-11 - (4 + -8 - 6)) + -16
-15
5 - 4 - (-10 + 21)
-10
What is -14 - -1 - -12 - -6?
5
(566 - 524) + (-20 - 0)
22
Calculate -1 + 29 + 1 + (-511 - -505).
23
What is (76 + -16 - 11) + -23?
26
Calculate -6 + 1 - (-4 - (-4 + 8 + -2)).
1
What is the value of -1 + -22 + -3 - (-7 + 8 + -7)?
-20
What is the value of (-1 - (-32 - -44)) + (0 - -7)?
-6
(26 - (-11 + (59 - 6))) + 0 + 9
-7
-9 - -14 - 12 - (-5 + -12)
10
Calculate 273 - 254 - (23 - -1).
-5
-10 - (-7 - (2 + -1))
-2
What is the value of 10 + 7 + (-1 - -3) + -4?
15
Calculate 12 - (-17 - -32) - -4.
1
What is 10 + 1 + (8 - (7 - -2))?
10
What is the value of 4 - (17 + (-18 - 2) - (-23 - -1))?
-15
What is -45 + 44 + -2 + -3 + 17?
11
Calculate (13 - -2) + (1 - 4) + -9.
3
Evaluate -2 + -1 + (55 - 57).
-5
Calculate 137 - 122 - (0 + -6).
21
What is the value of 15 - (-12 - 0 - -39) - 11?
-23
Evaluate -31 + (-2 - -3 - (66 + -55) - -15).
-26
Evaluate (4 - (12 - (1 - -1))) + 6.
0
What is the value of -35 - (-8 + -20 + 10)?
-17
Evaluate 12 + 19 - -7 - 18.
20
Calculate (20 - 67) + 23 - -16.
-8
Evaluate -20 - -16 - -2 - -9 - -6.
13
What is the value of 1 + (5 + -5 - 2) + 4 + -6?
-3
What is the value of -3 - 0 - 1 - (54 - 47)?
-11
What is (0 - -11) + (3 - (-2 + 24)) + 20?
12
Calculate 0 + -39 - -30 - 29.
-38
What is (66 - (6 + 13)) + -26?
21
Evaluate -4 + 42 + -3 - 10.
25
Evaluate (22 - -6 - -4) + -17 - 18.
-3
Calculate 6 + -6 + 10 + (6 - 15) + -17.
-16
(-2 - 2) + 12 + 0 - (-17 + 17)
8
Calculate 225 - 229 - (0 + -1).
-3
What is the value of 3 + -10 - (-29 - -13)?
9
Calculate 9 + -23 + 16 + 2 + -8.
-4
Evaluate -27 - -28 - (-1 + (0 - 2 - 3)).
7
Evaluate 22 + -2 + (1 - 11).
10
What is the value of -6 - (-18 + (16 - 15))?
11
What is the value of -16 - 30 - (-68 - -23)?
-1
What is the value of -10 + 9 + -4 - (3 - 1 - 0)?
-7
Calculate 13 - (0 + 14) - (5 + -4).
-2
Calculate -1 - 4 - ((-16 - -10) + -1).
2
Calculate -9 - (3 - (2 + -3 + -4 + 15)).
-2
Calculate 26 + 2 + -48 + 28 + 31.
39
Calculate (-89 - -99) + (2 - 9).
3
Evaluate -15 + 31 - (7 + 30).
-21
What is -15 - (-7 + 4 + -6) - -29?
23
Calculate 4 + 58 + -29 + -42.
-9
Calculate -4 + 5 - (9 - 15).
7
Evaluate (-2 - 17) + (229 - 220).
-10
(1 + 27 - 0) + (-337 - -342)
33
What is -83 + 77 + -1 + -30 + (-4 - -11)?
-30
Calculate 4 - (6 - 11) - (0 - -20).
-11
What is 0 - 0 - ((6 - -7) + (7 - 34))?
14
-23 + (-23 - (6 + -55))
3
What is (-8 + -5 - -5) + (15 - (0 + 16))?
-9
What is the value of -9 + (12 - 6) + (-5 - 2)?
-10
-8 + (3 + (6 - 6) - (-1 - -1))
-5
7197 - 7143 - (2 + 0 - -15)
37
What is the value of 1 + (-5 - -2) + -2493 + 2501?
6
Evaluate (4 + -1 - 3 - 2) + 2 + 12.
12
What is 14 - 9 - (-5 + 3)?
7
What is the value of 7 + 6 + 3 + -4 + 9?
21
What is -10 - -20 - (-22 + 32 + 5)?
-5
What is 20 - (3 - (-39 + 3))?
-19
Calculate -14 + -12 + 31 + 12.
17
Evaluate -18 + 36 + (-35 - -9).
-8
What is the value of -1 + 3 + -5 - (-49 + 40)?
6
What is the value of (0 - (1 + -2)) + 5 - (-18 - -16)?
8
(-5 + 8 - 22) + 8 - 2
-13
What is the value of -7 + -30 + 16 + -15 - -16?
-20
What is the value of (142 - 141 - (-2 - 0)) + 3?
6
What is -7 + 6 - (104 - 138)?
33
-5 + 3 + 5 + -4 + 12
11
Calculate (-12 - (0 + -3)) + (13 + -45 - -19).
-22
What is the value of -26 - (-10 + (4 - 10) + 8)?
-18
What is the value of -58 + 71 + 2 + (0 - 3) + 2?
14
What is (-21 + 14 - 3) + 21?
11
Evaluate (3 - 0 - 2) + -16 + -8 + 18.
-5
What is 47 + 19 + (-16 - (4 - -11))?
35
Evaluate 3 - -13 - 4 - (-37 + 33) - 4.
12
Evaluate 14 + -1 + -19 - (14 - -2).
-22
(6 + -1 - (-4 - -5)) + 0 + 1
5
-20 + (4 - (-26 - -16))
-6
Calculate 23 + (-21 - 15 - -15).
2
What is the value of -9 + -3 + 18 + 10 + -5?
11
What is -14 + 13 - (-21 + (1 - (-3 + 2)))?
18
Calculate 2 - (-49 - -7) - 32.
12
What is (21 - (18 + -10) - (-1 - -2)) + -4?
8
What is 0 - (-31 - -34 - (9 - 1))?
5
(8 - 15 - (-9 + 0)) + (4 - 16)
-10
Evaluate 5 + 1 - (5 - (-24 - -24)).
1
Evaluate (-30 + 13 - -11) + 15.
9
What is (-40 - 6) + 22 - -10?
-14
Evaluate 11 - ((4 - (10 + -13)) + 2 + -3).
5
Evaluate 6 + (-23 - (-17 - -8)).
-8
What is (2 - 35) + (-268 - -295)?
-6
Evaluate (0 - (0 + 2)) + (-40 - (59 - 80)).
-21
What is -2 + (3 - 6) + (5 - -3)?
3
What is the value of -21 + 39 - (-13 - -60)?
-29
What is the value of -3 - (10 + -15 + 9 - 1)?
-6
Calculate -25 + 9 + -7 + (-4 - (5 + -6)).
-26
Evaluate -7 - -5 - (-8 + 20 - 32).
18
What is 7 + -48 + 5 - -21?
-15
What is (10 - (13 - -2)) + -13 + 2 + 6?
-10
What is the value of -46 + 45 + -26 + 14?
-13
What is the value of 2 - 23 - (0 + (-3 - (-4 - 0)))?
-22
Evaluate -1 + (-13 - -4) - 25 - (-27 + 18).
-26
Calculate 0 - -1 - (-7 + 18 + -19 + 7).
2
9 - (20 + -18) - 22
-15
What is the value of -8 + (6 - -1) + (1 - 6)?
-6
What is the value of 7 + (1 - 5) - (-6 - (-1 + -2))?
6
What is the value of -5 + 9 - (1 - -7) - 5?
-9
What is the value of -29 - (8 - ((3 - (1 + -8)) + 1))?
-26
What is -99 + 83 - (2 - 31)?
13
Calculate (-17 + 0 + 7 - -4) + 16.
10
Calculate -23 + 3 + (191 - 155).
16
Evaluate 10 - (7 + -4) - 14.
-7
Evaluate (0 - ((11 - 1) + 4)) + (1 - -1).
-12
Calculate 8 + 0 + 0 - (-238 + 244).
2
Calculate -1 + -16 - (399 + -405).
-11
What is the value of 7 + (-23 - (-44 + 26))?
2
Calculate 18 + (-28 - (-16 + 0)) + 10.
16
What is -6 + 11 + (-8 - -2) + -3 - 2?
-6
Evaluate (-47 - -41) + (1 - 1 - 2).
-8
(3 + -7 - -1) + 12 + -16
-7
What is the value of 7 + (-8 - 7 - -13)?
5
Evaluate -2 - -27 - (-10 - -22).
13
Calculate -2 + 45 + 83 + -88.
38
What is 3 + -7 + 0 + -4 - 10?
-18
Calculate (1 - -11) + -4 - (53 + -46).
1
-209 - -168 - (-25 - 0)
-16
What is -1 + 13 + -6 + 45 + -38?
13
Evaluate 5 + (1 - 3 - (5 - 14 - -22)).
-10
What is the value of 26 + -7 + -14 + 16 + -3?
18
Calculate 34 + -56 + 16 + -2.
-8
What is -9 + -3 + 51 - (5 - (-3 + 3))?
34
What is 9 + (5 + -4 - 1) + -3 - -2?
8
What is 6 - (-5 + 42 - 18)?
-13
What is 9 - (-16 + (16 - 2))?
11
Evaluate -1 + (-6 + 10 - 2 - 5).
-4
What is -2 - -1 - (-179 + 188)?
-10
(1190 - 1173) + (-27 - 1)
-11
Calculate 20 - (1 - (-22 + 24)).
21
What is -4 - (2 - (10 - 4))?
0
Calculate 4 + (-19 - (-40 - -20)) + -3 + -1.
1
What is the value of 36 + -2 - (703 - 693)?
24
Evaluate -7 + 2 + (-7 + -2 - -5).
-9
Evaluate 3 + -15 - (11 + (1 + -11 - -7)).
-20
Calculate -7 + 8 - (-16 + 8) - (-7 - -2).
14
What is (-2 - -2) + -9 + (4 - 4) + 0?
-9
3 + -4 + -8 + 7 - -11
9
Evaluate (-1 - 1) + 2 + -2 + (89 - 84).
3
6 + 7 - (2 - -7)
4
What is (9 - (7 + -8)) + -9 + 4 + -1?
4
What is (-2 - -17 - 6) + 9 + -1 + 0?
17
Evaluate (-14 - 40) + -17 + 42.
-29
(-2 - 12) + (-21 - -28) + -15 + 4
-18
What is the value of -11 - 0 - 8 - -4?
-15
Calculate -15 + 6 + (12 - 10).
-7
What is the value of 8 + (-9 - -1) - (-2 - 2)?
4
(-10 - (-2 + -17)) + (-1 + 0 - 2)
6
(-12 - 12) + (-14 - -29)
-9
3 - 22 - (-16 - (-7 + -2))
-12
Calculate -10 - -5 - -15 - 1.
9
Evaluate 19 + 35 - (5 + 16).
33
Calculate -2 - (25 + 1 - 20).
-8
What is -4 + (7 + 0 - (-4 + 